{"id":2037,"date":"2018-11-06T10:54:56","date_gmt":"2018-11-06T09:54:56","guid":{"rendered":"http:\/\/www.lpsmedia.com\/?page_id=2037"},"modified":"2018-11-06T11:15:45","modified_gmt":"2018-11-06T10:15:45","slug":"reklamni-polepy","status":"publish","type":"page","link":"http:\/\/www.lpsmedia.com\/?page_id=2037","title":{"rendered":"REKLAMN\u00cd POLEPY"},"content":{"rendered":"<table>\n<tr>\n<td><img style=\"margin: 5px;\" src=\"pic\/Polepy\/01.jpg\"><\/td>\n<td><img style=\"margin: 5px;\" src=\"pic\/Polepy\/02.jpg\"><\/td>\n<\/tr>\n<tr>\n<td>N\u00e1st\u011bnn\u00fd obraz &#8211; Z\u0160 &#8211; B\u0159\u00ed \u010capk\u016f \u00dast\u00ed nad Orlic\u00ed<\/td>\n<td>Naviga\u010dn\u00ed syst\u00e9m pro m\u011bstsk\u00fd \u00fa\u0159ad v \u00dast\u00ed nad Orlic\u00ed<\/td>\n<\/tr>\n<tr>\n<td><img style=\"margin: 5px;\" src=\"pic\/Polepy\/03.jpg\"><\/td>\n<td><img style=\"margin: 5px;\" src=\"pic\/Polepy\/04.jpg\"><\/td>\n<\/tr>\n<tr>\n<td>Naviga\u010dn\u00ed syst\u00e9m pro spole\u010dnost Schaltag \u00dast\u00ed nad Orlic\u00ed<\/td>\n<td>Pizza Giovanni Moravsk\u00e1 T\u0159ebov\u00e1<\/td>\n<\/tr>\n<tr>\n<td><img style=\"margin: 5px;\" src=\"pic\/Polepy\/05.jpg\"><\/td>\n<td><img style=\"margin: 5px;\" src=\"pic\/Polepy\/06.jpg\"><\/td>\n<\/tr>\n<tr>\n<td>Polep v\u00fdloh pro pr\u00e1delnu Kn\u00e1pek Lan\u0161kroun<\/td>\n<td>Polep v\u00fdloh pro spole\u010dnost Mediate s.r.o.<\/td>\n<\/tr>\n<tr>\n<td><img style=\"margin: 5px;\" src=\"pic\/Polepy\/07.jpg\"><\/td>\n<td><img style=\"margin: 5px;\" src=\"pic\/Polepy\/08.jpg\"><\/td>\n<\/tr>\n<tr>\n<td>Uv\u00edtac\u00ed tabule Bene\u0161ov<\/td>\n<td>Zasedac\u00ed m\u00edstnost &#8211; m\u011bstsk\u00fd \u00fa\u0159ad \u00dast\u00ed nad Orlic\u00ed<\/td>\n<\/tr>\n<tr>\n<td><img style=\"margin: 5px;\" src=\"pic\/Polepy\/09.jpg\"><\/td>\n<td><img style=\"margin: 5px;\" src=\"pic\/Polepy\/10.jpg\"><\/td>\n<\/tr>\n<tr>\n<td>Z\u00e1zem\u00ed pro zam\u011bstnance PENNY Market \u010cR &#8211; Plze\u0148<\/td>\n<td>Z\u00e1zem\u00ed pro zam\u011bstnance PENNY Market \u010cR &#8211; Plze\u0148<\/td>\n<\/tr>\n<tr>\n<td><img style=\"margin: 5px;\" src=\"pic\/Polepy\/11.jpg\"><\/td>\n<td><\/td>\n<\/tr>\n<tr>\n<td>Z\u00e1zem\u00ed pro zam\u011bstnance PENNY Market \u010cR &#8211; Plze\u0148<\/td>\n<td><\/td>\n<\/tr>\n<\/table>\n","protected":false},"excerpt":{"rendered":"<p>N\u00e1st\u011bnn\u00fd obraz &#8211; Z\u0160 &#8211; B\u0159\u00ed \u010capk\u016f \u00dast\u00ed nad Orlic\u00ed Naviga\u010dn\u00ed syst\u00e9m pro m\u011bstsk\u00fd \u00fa\u0159ad v \u00dast\u00ed nad Orlic\u00ed Naviga\u010dn\u00ed syst\u00e9m pro spole\u010dnost Schaltag \u00dast\u00ed nad Orlic\u00ed Pizza Giovanni Moravsk\u00e1 T\u0159ebov\u00e1 Polep v\u00fdloh pro pr\u00e1delnu Kn\u00e1pek Lan\u0161kroun Polep v\u00fdloh pro spole\u010dnost Mediate s.r.o. Uv\u00edtac\u00ed tabule Bene\u0161ov Zasedac\u00ed m\u00edstnost &#8211; m\u011bstsk\u00fd \u00fa\u0159ad \u00dast\u00ed nad Orlic\u00ed Z\u00e1zem\u00ed [&hellip;]<\/p>\n","protected":false},"author":1,"featured_media":0,"parent":0,"menu_order":0,"comment_status":"closed","ping_status":"closed","template":"","meta":[],"_links":{"self":[{"href":"http:\/\/www.lpsmedia.com\/index.php?rest_route=\/wp\/v2\/pages\/2037"}],"collection":[{"href":"http:\/\/www.lpsmedia.com\/index.php?rest_route=\/wp\/v2\/pages"}],"about":[{"href":"http:\/\/www.lpsmedia.com\/index.php?rest_route=\/wp\/v2\/types\/page"}],"author":[{"embeddable":true,"href":"http:\/\/www.lpsmedia.com\/index.php?rest_route=\/wp\/v2\/users\/1"}],"replies":[{"embeddable":true,"href":"http:\/\/www.lpsmedia.com\/index.php?rest_route=%2Fwp%2Fv2%2Fcomments&post=2037"}],"version-history":[{"count":16,"href":"http:\/\/www.lpsmedia.com\/index.php?rest_route=\/wp\/v2\/pages\/2037\/revisions"}],"predecessor-version":[{"id":2054,"href":"http:\/\/www.lpsmedia.com\/index.php?rest_route=\/wp\/v2\/pages\/2037\/revisions\/2054"}],"wp:attachment":[{"href":"http:\/\/www.lpsmedia.com\/index.php?rest_route=%2Fwp%2Fv2%2Fmedia&parent=2037"}],"curies":[{"name":"wp","href":"https:\/\/api.w.org\/{rel}","templated":true}]}}